 be (-42)/(-5) + (-14)/35. Let f = t - 7. Let i(l) = 4*l**2 - 3 + 3 + l - 1. Give i(f).
4
Let k(z) = -3*z - 1. Let g(p) = -3*p - 1. Let t(f) = 5*g(f) - 6*k(f). Suppose 0 = -8*m + 3*m - 10. Give t(m).
-5
Let g(v) be the third derivative of -v**7/840 + v**6/180 + v**4/24 + v**3/6 + v**2. Let q(o) be the first derivative of g(o). Let k = -81 + 83. Calculate q(k).
1
Suppose 2*u + x = -4*x - 19, 5*u = x + 20. Let m(f) = 16*f - u*f - 6*f - 5*f - f**2. Give m(2).
0
Let m(b) = 14*b + 6. Let k(s) = 5*s + 2. Let l(w) = 17*k(w) - 6*m(w). Give l(-4).
-6
Suppose 6 = 3*c - 3*g, -4*g + 8 = -c + 5*c. Let s(m) = -1 + 2*m + c - 4. Let w(b) = -b**3 - 14*b**2 - 25*b - 8. Let i be w(-12). Determine s(i).
5
Let t = -9 - -11. Let g(a) = -2*a**2 + 2*a - 1. Give g(t).
-5
Let c(h) = -9*h**2 - 3*h + 6. Let o(p) be the first derivative of -5*p**3/3 - p**2/2 + 3*p + 4. Let w(m) = 3*c(m) - 5*o(m). Calculate w(2).
-13
Let u be 183/(-27) - 2/9. Let s(y) = -y**3 - 6*y**2 + 8*y + 2. Let w be s(u). Let c(j) = 0*j**2 + 2 - 1 + j**2 + 5*j. Determine c(w).
1
Suppose -2*m + 3*t = 19, -11 + 35 = -3*m + 3*t. Let d(w) = -5*w - 3. Let h(f) = -11*f - 7. Let b(j) = m*d(j) + 2*h(j). Calculate b(-3).
-8
Suppose 4 = u + 1. Let n(g) = 4*g + g - u*g + 6*g. Determine n(-1).
-8
Let r = 20 + -20. Let i(v) = -v + 1. Calculate i(r).
1
Let b(t) be the third derivative of t**2 - 1/12*t**4 - 1/3*t**3 + 0 + 0*t. What is b(-3)?
4
Let c(i) = -3*i - 12. Let n(f) = -f - 1. Let v(y) = c(y) - 6*n(y). Suppose 0 = 3*p - 4*w - 8, 5*p - w = 2*w + 17. Determine v(p).
6
Let k(f) = 2*f. Let u = -1 + 6. Calculate k(u).
10
Let t(h) = 2*h - 2. Let z = 7 + -6. Let f(q) = 5*q**2 - 1. Let l be f(z). Calculate t(l).
6
Suppose -y - 4*f - 25 = -6*y, -f + 15 = 3*y. Let z(b) = -1 - 4*b - 5 + b**2 + 0*b. Determine z(y).
-1
Let w(u) = -6*u - 3. Let l(q) = -q**2 - 4*q + 2. Let z be l(-4). Suppose z*a + 4*g = 0, 5*g = -a - 0 + 3. Give w(a).
9
Let h(j) = j**3 + 7*j**2 + 7*j + 1. Suppose -4*g = -5*y + 19, -g - 23 = 2*g + 5*y. Calculate h(g).
-5
Let f be 48/28 - 6/(-21). Let s(n) = 0*n + n - f + 2*n. Give s(-3).
-11
Let i(o) be the second derivative of o**5/20 - o**4/12 - o**3/2 + 3*o**2/2 - o. Suppose 3*x - 3 - 9 = 0. Suppose w - 4*p = -w + 8, 2*p - x = -3*w. What is i(w)?
1
Let h = 154 + -457/3. Let v(m) be the first derivative of 3 + 0*m**2 - h*m**3 - 1/4*m**4 + 0*m. What is v(-5)?
0
Let t = -9 + 9. Suppose 2*p + 12 = -t. Let l(v) = -v**2 - 7*v - 9. Let z be l(p). Let i(r) = -2*r - 4. Calculate i(z).
2
Let b(i) = -i**3 + 5*i**2 + i + 1. Let v(r) = r**3 + r - 1. Let s(j) = -b(j) - 2*v(j). Let g be (-14)/6 + 10/(-15). What is s(g)?
-8
Let s(f) = -4*f - 4. Let i(v) = -v - 8. Let q be i(8). Let b = q - -13. What is s(b)?
8
Suppose 3*s - 9 = -0*s. Suppose -2*q + s = q. Let o(x) = -x**3 + 5*x - 5. Let y(d) = -d**3 + 3*d - 3. Let r(b) = -5*o(b) + 8*y(b). Calculate r(q).
-3
Let d(q) = -q**2 + 5*q + 1. Let s be d(4). Suppose 3 = -4*u + s*u. Let i(j) = u*j + 0*j + 1 + 0*j. Give i(1).
4
Suppose 0 = -l - 36 + 41. Let a(v) = v**2 - 3*v - 1. What is a(l)?
9
Let l = 8 + -6. Suppose 4*k - 2 = l*k. Let h(s) = 5*s**2 - s. Calculate h(k).
4
Let i(j) = 4. Let g(d) = d + 7. Let c(z) = -4*g(z) + 7*i(z). Calculate c(-1).
4
Let p(w) be the second derivative of w**4/12 + w**3/3 - 3*w**2 + 7*w + 6. Calculate p(-6).
18
Let y(t) = 3*t**2 - 2*t**2 + 2*t - 11 - 2*t**2 - 9*t. Let o be y(-6). Let g(v) = 0*v**2 - 2 + v**2 + 2*v + v. Determine g(o).
8
Suppose 0 = 3*n - 5*l + 36, -3 + 15 = -3*n - 3*l. Let t = -11 - n. Let c(w) be the second derivative of w**4/12 + 2*w**3/3 - w. Give c(t).
0
Let f(g) be the third derivative of -g**6/120 + g**5/15 - g**3/2 - g**2. Let p = -246 - -250. Determine f(p).
-3
Suppose 2*x = -3*s - 11, -2*x - 2*x - 7 = s. Let y(k) be the second derivative of 5*k**4/6 - k**2/2 + 2*k + 30. Give y(x).
9
Let c(x) = x - 4. Let k be -3 + 2 - (-10)/(-5). Let q be -3 + 3/k*1. Calculate c(q).
-8
Let i(t) be the second derivative of -t**5/20 - t**4/3 + 5*t**2/2 - 9*t. Suppose 2*c = -0*c + 3*y + 3, y = 1. Suppose c*o - 3 = -15. What is i(o)?
5
Let a be (-6)/(-9)*(2 + 1). Let m(r) = -r**3 - r + 1. Let z(w) = w**3 + w**2 + 4*w + 1. Let k(t) = a*m(t) + z(t). Determine k(-2).
11
Let b(v) = -v + 7 + 10 - 19. Determine b(3).
-5
Let g(u) = -u**2 - 3*u + 5. Suppose 4*d + r + 7 = 4*r, 2*d = -5*r + 29. Let w be (-2 - 0)/(d/5). Calculate g(w).
-5
Let r(k) = k + 3. Let n(p) = -p**3 + 10*p**2 + 11*p - 3. Let q be n(11). What is r(q)?
0
Suppose 0 = -3*f + 8 - 2. Let y(k) = 3*k**3 - k**2 - 2*k + 2. What is y(f)?
18
Let z(q) = -4*q + 2. Suppose 0*i + 3*p = -5*i - 50, 19 = -2*i - p. Let h = -5 - i. Suppose -h = -c - 0*c. Give z(c).
-6
Suppose -2*u + u = 34. Let q = -22 - u. Suppose 2*t - 5*t = -q. Let a(j) = -2*j + 2. Calculate a(t).
-6
Let a(d) = d**2 + 5*d - 6. Suppose 2*t - 2*u = -6, 3*u = -2*t + u - 18. Calculate a(t).
0
Let m(y) = -y. Let c(i) = -3*i + 1. Let v(j) = 2*c(j) - 5*m(j). Give v(-8).
10
Let k = 6 + -4. Let z(c) = 4*c - 2. Calculate z(k).
6
Suppose l = -3*l - 20. Let w(y) be the first derivative of 1/2*y**2 - 1 + y. What is w(l)?
-4
Suppose 2*b = -r - r - 4, -5*r = 3*b + 14. Suppose -3 = -5*v + 4*v. Let n(t) = 6*t**3 - 2*t**2 - t**2 - t - 5*t**v. Determine n(b).
-6
Let g(l) = -1. Let r = -12 - -8. Let x(j) = -j + 5. Let m(u) = r*g(u) - x(u). Give m(0).
-1
Let b(y) = -y**3 - 5*y**2 + 7*y - 2. Let o be b(-6). Let g be ((-2)/5)/(o/(-120)). Let c(i) = -2*i - 7. What is c(g)?
5
Let w(r) be the first derivative of r**2 + 9*r + 17. Give w(-7).
-5
Let k(c) be the second derivative of c**4/12 + c**2/2 - 21*c. Give k(2).
5
Let v(b) = -4*b - 5. Let l(x) = -95*x - 60. Let j(w) = 8*w + 5. Let y(u) = -35*j(u) - 3*l(u). Let p(c) = -4*v(c) - 3*y(c). What is p(-4)?
1
Let u = -4 - 1. Let k(z) be the third derivative of z**6/360 + z**5/40 - 7*z**4/24 + z**3/6 - z**2. Let p(t) be the first derivative of k(t). What is p(u)?
3
Let x(v) be the first derivative of -v**3/3 - 5*v**2 - 9*v - 29. Give x(-9).
0
Let f(g) = -g**2 + g - 6. Let s(q) = -q**2 - 8*q - 7. Let w be s(-7). Give f(w).
-6
Let n(a) = 2*a + 5. Suppose -2*y + o = 3*y + 21, -3*y + 4*o = -1. Calculate n(y).
-5
Let r(w) = 0*w**2 + 3*w**2 - 5*w - 2*w**2. Let d(c) = 3*c**2 - 3*c - 2. Let s be d(-1). What is r(s)?
-4
Let q(l) = 3 - 4 - 2*l - l. Suppose y - 1 = 6. Suppose y = -3*k - 2. What is q(k)?
8
Let u(y) = -2*y + 6. Let j = -40 + 44. Give u(j).
-2
Let q(b) = b + 2. Let v be q(-2). Let y(g) be the first derivative of 1/3*g**3 + 1 - g - 1/2*g**2. Calculate y(v).
-1
Let b be 1 + 2 + -3 + -2. Let l(j) = -j**3 - 2*j**2 - 3*j. What is l(b)?
6
Let n(p) = 2*p - 6. Let a(t) be the third derivative of -t**4/2 + 35*t**3/6 + 4*t**2. Let s(f) = -6*a(f) - 34*n(f). Calculate s(4).
10
Let t(b) = -2*b. Let c be t(-4). Let a = c - 8. Let n(h) = -h**2 - h + 4. What is n(a)?
4
Let h(o) = -7 - 4*o + 3*o + 3. Suppose -q - 20 = -6*q. Calculate h(q).
-8
Let q(p) = p**3 + 4*p**2 - 2*p - 6. Let r be (-1)/(24/90) + (-1)/4. What is q(r)?
2
Suppose -2*h + 15 + 17 = -5*q, 0 = 5*h - 2*q - 38. Suppose -2*i + h = -0*i. Let y(n) = n**2 - 2*n + 3. Calculate y(i).
6
Suppose -7 = 2*r - 17. Let m(g) = -5 + g + 5 - 3*g. Calculate m(r).
-10
Let d(o) = 5*o. Let m(c) = c**2 - 8*c. Let i be m(8). Suppose -2*p - 5 + 3 = i. Let q(f) = -f**3 - f**2 - 2*f - 1. Let l be q(p). What is d(l)?
5
Let u be ((-2)/3)/(2/18*3). Let l(k) = 5*k - 3*k - k**2 + 2*k**2. Determine l(u).
0
Let j = 5 - 3. Let p = -40 + 44. Let m(w) = p*w**3 - 1 - 4*w**j + 2*w**2 + 3*w**2. Give m(-1).
-4
Let v(t) be the first derivative of t**4/4 - t**3/3 + t**2/2 - t - 37. Give v(1).
0
Let i(g) = g**2 - 9*g + 10. Let b be i(7). Let f be 0/4*(-2)/b. Let x(k) = f*k**2 + 7 - 4*k**2 + 3*k**2 + 4*k. Determine x(5).
2
Let o(t) = -3*t**2 - 34*t - 34. Let z(k) = -k**2 - 11*k - 11. Let p(w) = -2*o(w) + 7*z(w). Give p(-7).
5
Let h(l) = -l**2 - 1. Let z = -4 - -8. Suppose -d = 5*k - 12, -2*k - 4 + 22 = -z*d. Calculate h(d).
-10
Let i(c) = 4*c**3 - c**2 + c + 1. Let f be i(-1). Let u(k) = -k**3 - 5*k**2 - 7. Calculate u(f).
-7
Let q(r) be the third derivative of r**5/60 + 5*r**4/24 - r**3 + 10*r**2. Determine q(-5).
-6
Let z(w) be the first derivative of w**2 - w - 29. Give z(-2).
-5
Let a(c) = -c**2 + 11*c + 5. Let v be a(11). Suppose -2*j + 3*l = -6, 5*l + 4 = v*j - 1. Let w(f) = -f**2 - 5*f. Give 